 449712581?
193, 2330117
What are the prime factors of 957519638?
2, 478759819
What are the prime factors of 321800850?
2, 3, 5, 7, 11351
What are the prime factors of 44515807?
7, 6359401
What are the prime factors of 40894586?
2, 20447293
What are the prime factors of 552651511?
53, 10427387
List the prime factors of 723390076.
2, 180847519
List the prime factors of 181147793.
23, 149, 52859
List the prime factors of 346217768.
2, 13, 43, 77419
List the prime factors of 4240249263.
3, 61, 2574529
What are the prime factors of 406719357?
3, 11, 359, 3121
List the prime factors of 10633159.
283, 37573
What are the prime factors of 20560736?
2, 7, 19, 4831
What are the prime factors of 94521431?
7321, 12911
List the prime factors of 320866221.
3, 13, 8227339
List the prime factors of 301838839.
301838839
What are the prime factors of 246212634?
2, 3, 41035439
What are the prime factors of 1329533746?
2, 664766873
List the prime factors of 79638829.
17, 337, 13901
List the prime factors of 451120950.
2, 3, 5, 7, 41, 499
List the prime factors of 380516829.
3, 7, 11, 151, 10909
List the prime factors of 54268273.
73, 743401
What are the prime factors of 512903194?
2, 41, 6254917
What are the prime factors of 33709687?
11, 29, 105673
What are the prime factors of 32314355?
5, 41, 283, 557
List the prime factors of 119527700.
2, 5, 1195277
List the prime factors of 98439928.
2, 17, 723823
List the prime factors of 112949343.
3, 13, 17, 23, 823
List the prime factors of 5030397039.
3, 2857, 586909
What are the prime factors of 211377587?
2027, 104281
What are the prime factors of 3109934928?
2, 3, 64790311
List the prime factors of 798298.
2, 399149
List the prime factors of 342714768.
2, 3, 11, 649081
What are the prime factors of 246858225?
3, 5, 911, 3613
List the prime factors of 82326256.
2, 281, 18311
List the prime factors of 64228632.
2, 3, 13, 41, 5021
List the prime factors of 27025255.
5, 1723, 3137
List the prime factors of 452280936.
2, 3, 257, 73327
List the prime factors of 145807072.
2, 4556471
What are the prime factors of 7726224664?
2, 41, 227, 103769
What are the prime factors of 67533052?
2, 59, 67, 4271
What are the prime factors of 4132717338?
2, 3, 688786223
What are the prime factors of 35298910?
2, 5, 757, 4663
What are the prime factors of 2477499555?
3, 5, 165166637
List the prime factors of 1682104581.
3, 41, 4558549
List the prime factors of 2251124927.
2251124927
What are the prime factors of 393641382?
2, 3, 229, 286493
List the prime factors of 245452545.
3, 5, 13, 17, 19, 433
List the prime factors of 4593636564.
2, 3, 11, 53, 656609
What are the prime factors of 872128477?
11, 79284407
What are the prime factors of 1581642660?
2, 3, 5, 13, 2027747
What are the prime factors of 411123084?
2, 3, 34260257
List the prime factors of 49693012.
2, 53, 157, 1493
List the prime factors of 63980196.
2, 3, 7, 761669
What are the prime factors of 87697839?
3, 29232613
List the prime factors of 1452688522.
2, 17, 43, 229, 4339
What are the prime factors of 48993900?
2, 3, 5, 197, 829
List the prime factors of 852823473.
3, 284274491
List the prime factors of 395409878.
2, 197704939
List the prime factors of 1835395852.
2, 499, 947, 971
What are the prime factors of 1728634948?
2, 41, 10540457
What are the prime factors of 338369514?
2, 3, 7, 23, 37, 9467
What are the prime factors of 8179049778?
2, 3, 5387, 253049
What are the prime factors of 1936123153?
181, 997, 10729
List the prime factors of 3242984601.
3, 443, 1307, 1867
What are the prime factors of 27012026?
2, 2621, 5153
List the prime factors of 349259578.
2, 31, 5633219
List the prime factors of 613708393.
613708393
What are the prime factors of 799212282?
2, 3, 11, 12109277
What are the prime factors of 681100258?
2, 19, 61, 293831
What are the prime factors of 3062172327?
3, 2549, 400441
What are the prime factors of 1885235480?
2, 5, 19, 23, 29, 3719
List the prime factors of 410547124.
2, 13, 977, 8081
What are the prime factors of 163095404?
2, 173, 211, 1117
What are the prime factors of 448492731?
3, 53, 2820709
List the prime factors of 209993912.
2, 26249239
What are the prime factors of 2150868?
2, 3, 23, 7793
What are the prime factors of 4246740525?
3, 5, 56623207
List the prime factors of 509319155.
5, 1031, 98801
What are the prime factors of 354605261?
17, 61, 341953
What are the prime factors of 801996210?
2, 3, 5, 8911069
What are the prime factors of 764213781?
3, 254737927
What are the prime factors of 318427429?
97, 3282757
List the prime factors of 33683119.
307, 109717
What are the prime factors of 3657371124?
2, 3, 11, 27707357
List the prime factors of 249649599.
3, 7841, 10613
List the prime factors of 34030224.
2, 3, 29, 281
What are the prime factors of 35617466?
2, 79, 225427
What are the prime factors of 242856901?
7, 34693843
What are the prime factors of 2519250803?
7417, 339659
List the prime factors of 340177031.
3571, 95261
What are the prime factors of 872983399?
872983399
List the prime factors of 132208247.
132208247
What are the prime factors of 477161098?
2, 19, 127, 98873
What are the prime factors of 525526767?
3, 58391863
What are the prime factors of 542985599?
13, 157, 223, 1193
What are the prime factors of 63053370?
2, 3, 5, 347, 673
List the prime factors of 641839232.
2, 163, 30763
What are the prime factors of 49680850?
2, 5, 993617
What are the prime factors of 4348572798?
2, 3, 724762133
List the prime factors of 8398320.
2, 3, 5, 7, 4999
What are the prime factors of 47159985?
3, 5, 113, 27823
List the prime factors of 56636818.
2, 7, 1879, 2153
What are the prime factors of 117608758?
2, 47, 1251157
What are the prime factors of 280200680?
2, 5, 7005017
What are the prime factors of 146269800?
2, 3, 5, 9029
What are the prime factors of 61494810?
2, 3, 5, 13, 157679
List the prime factors of 1197295121.
11, 9895001
What are the prime factors of 231079737?
3, 7, 167, 9413
What are the prime factors of 50686275?
3, 5, 675817
What are the prime factors of 379502649?
3, 43, 79, 12413
List the prime factors of 4306543252.
2, 11, 397, 246539
List the prime factors of 129173550.
2, 3, 5, 11, 647
List the prime factors of 2669480078.
2, 34283, 38933
List the prime factors of 257363166.
2, 3, 787, 54503
What are the prime factors of 30018394?
2, 7, 2144171
List the prime factors of 231722468.
2, 57930617
List the prime factors of 632306675.
5, 7, 11, 13, 2297
What are the prime factors of 11646836?
2, 17, 59, 2903
List the prime factors of 2653813569.
3, 11, 59, 1363027
List the prime factors of 323690281.
827, 391403
List the prime factors of 3907717508.
2, 149, 281, 23333
What are the prime factors of 175716871?
11, 101, 158161
List the prime factors of 6136378123.
17, 109, 3311591
What are the prime factors of 52959628?
2, 89, 148763
List the prime factors of 1018008090.
2, 3, 5, 11, 93481
List the prime factors of 90411573.
3, 7, 631, 6823
List the prime factors of 702105202.
2, 17, 20650153
List the prime factors of 369539598.
2, 3, 61589933
What are the prime factors of 561233944?
2, 70154243
List the prime factors of 52733851.
52733851
List the prime factors of 164217813.
3, 54739271
What are the prime factors of 352495119?
3, 17, 1913, 3613
What are the prime factors of 142188602?
2, 647, 109883
List the prime factors of 530993310.
2, 3, 5, 47, 359, 1049
List the prime factors of 95824260.
2, 3, 5, 7, 59, 1289
What are the prime factors of 35658710?
2, 5, 3565871
List the prime factors of 8547579234.
2, 3, 474865513
List the prime factors of 332765338.
2, 113, 1472413
List the prime factors of 80856540.
2, 3, 5, 449203
What are the prime factors of 18778509?
3, 2086501
What are the prime factors of 103601011?
103601011
List the prime factors of 3695845085.
5, 37, 19977541
What are the prime factors of 2453508683?
2719, 902357
What are the prime factors of 34394743?
71, 6823
List the prime factors of 1843172593.
1843172593
List the prime factors of 2944090012.
2, 83, 349, 25409
List the prime factors of 139370763.
3, 7, 223, 29761
What are the prime factors of 2793457743?
3, 457, 2037533
List the prime factors of 19518361.
19518361
What are the prime factors of 3808278384?
2, 3, 79339133
What are the prime facto